{"id":252,"date":"2019-12-17T12:13:32","date_gmt":"2019-12-17T12:13:32","guid":{"rendered":"https:\/\/fiskekrogen.se\/webbshop\/?post_type=product&#038;p=252"},"modified":"2026-01-19T13:06:30","modified_gmt":"2026-01-19T13:06:30","slug":"fiskekrogen-presentkort-oppet-belopp-4","status":"publish","type":"product","link":"https:\/\/fiskekrogen.se\/webbshop\/product\/fiskekrogen-presentkort-oppet-belopp-4\/","title":{"rendered":"FISKEKROGEN PRESENTKORT \u00d6PPET BELOPP"},"content":{"rendered":"","protected":false},"excerpt":{"rendered":"<p>\u00d6ppet belopp som du spenderar p\u00e5 vad du vill fr\u00e5n v\u00e5r meny<\/p>\n","protected":false},"featured_media":941,"template":"","meta":{"inline_featured_image":false,"_themeisle_gutenberg_block_has_review":false},"product_brand":[],"product_cat":[16],"product_tag":[],"class_list":{"0":"post-252","1":"product","2":"type-product","3":"status-publish","4":"has-post-thumbnail","6":"product_cat-presentkort","7":"product_shipping_class-frakt","9":"first","10":"instock","11":"purchasable","12":"product-type-simple"},"bundled_by":[],"bundle_stock_status":"instock","bundle_stock_quantity":null,"bundle_virtual":false,"bundle_layout":"","bundle_add_to_cart_form_location":"","bundle_editable_in_cart":false,"bundle_sold_individually_context":"","bundle_item_grouping":"","bundle_min_size":"","bundle_max_size":"","bundled_items":[],"bundle_sell_ids":[],"_links":{"self":[{"href":"https:\/\/fiskekrogen.se\/webbshop\/wp-json\/wp\/v2\/product\/252","targetHints":{"allow":["GET"]}}],"collection":[{"href":"https:\/\/fiskekrogen.se\/webbshop\/wp-json\/wp\/v2\/product"}],"about":[{"href":"https:\/\/fiskekrogen.se\/webbshop\/wp-json\/wp\/v2\/types\/product"}],"wp:featuredmedia":[{"embeddable":true,"href":"https:\/\/fiskekrogen.se\/webbshop\/wp-json\/wp\/v2\/media\/941"}],"wp:attachment":[{"href":"https:\/\/fiskekrogen.se\/webbshop\/wp-json\/wp\/v2\/media?parent=252"}],"wp:term":[{"taxonomy":"product_brand","embeddable":true,"href":"https:\/\/fiskekrogen.se\/webbshop\/wp-json\/wp\/v2\/product_brand?post=252"},{"taxonomy":"product_cat","embeddable":true,"href":"https:\/\/fiskekrogen.se\/webbshop\/wp-json\/wp\/v2\/product_cat?post=252"},{"taxonomy":"product_tag","embeddable":true,"href":"https:\/\/fiskekrogen.se\/webbshop\/wp-json\/wp\/v2\/product_tag?post=252"}],"curies":[{"name":"wp","href":"https:\/\/api.w.org\/{rel}","templated":true}]}}